Suppose 9 = -3*i - 6. Let v(g) = -g**2 - 6*g + 6. What is the remainder when 42 is divided by v(i)?
9
Let h(q) = 13*q - 3. What is the remainder when 91 is divided by h(2)?
22
Let z(h) = 2*h**3 - 3*h**2 - 3*h - 1. What is the remainder when z(4) is divided by 2/(4/(-51)*3)*-2?
16
Let l = -70 + 100. What is the remainder when l is divided by 8?
6
Suppose p + 2*p = 72. Let o = p + -3. What is the remainder when 61 is divided by o?
19
Calculate the remainder when (244/8 - -1)*(-12)/(-9) is divided by 27.
15
Let n(l) = 19*l**2 + 2*l + 1. Let d be n(-1). Suppose -1 = -a + d. Suppose 4*b + 15 = 55. What is the remainder when a is divided by b?
9
Let p = -26 - -114. What is the remainder when p is divided by 13?
10
Let z(o) = -o**2 - 6*o - 2. Suppose -4*u = -4*g - 0*g + 20, 0 = 4*u + 4*g + 12. Let k be z(u). Let n = k - 1. What is the remainder when n is divided by 3?
2
Suppose 0 = -25*t + 23*t + 60. What is the remainder when t is divided by 16?
14
Let u(p) = -4*p - 25. What is the remainder when u(-15) is divided by 12?
11
Let o(c) be the first derivative of -c**4/4 + 4*c**3/3 - 2*c**2 + 2*c + 1. Let r be o(2). Suppose -f = -5 - r. Calculate the remainder when f is divided by 4.
3
Let r = 50 + -78. Let b = r + 48. Suppose 4*n - 3*i = 34, -2*i = 3*n - 0*i - 17. What is the remainder when b is divided by n?
6
Suppose 0 = -4*s + 3*s - 28. Calculate the remainder when s/(-6) - 1/(-3) is divided by 2.
1
Let i(f) = 55*f. Let b(t) = t + 3. Let r be b(0). Let d be i(r). Suppose u = -2*u + d. Calculate the remainder when u is divided by 19.
17
Let b be -2 + 1 + -2 - -3. Suppose b = -2*c - 0*c + 38. What is the remainder when c is divided by 11?
8
Calculate the remainder when 49 is divided by ((-21)/12 - -5)/((-1)/(-4)).
10
Let f = 9 + -6. Suppose 4*j - 15 = y, 7*y - 40 = f*y - 4*j. Calculate the remainder when (-2)/8 + (-57)/(-4) is divided by y.
4
Suppose -5*g - 4*n = -n - 73, -3*g - 2*n + 43 = 0. Calculate the remainder when (21/2)/(6/28) is divided by g.
15
Suppose 21 - 3 = 3*d. Suppose -f = -2*k + d, -4*k + 9 = 2*f - 3. Suppose f = 4*o - 10 - 30. Calculate the remainder when 19 is divided by o.
9
Suppose 80 = 5*t - 0. Suppose -p - t = -2*p. What is the remainder when (2 - -1)/(1/21) is divided by p?
15
Suppose 5*u - 27 = 28. What is the remainder when 31 is divided by u?
9
Let a(s) = -s**3 + 5*s**2 + 5*s - 3. Let t be a(6). Let b = -4 - t. What is the remainder when b is divided by 2?
1
Suppose 0 = 2*c + 63 - 15. Let v = c + 46. Calculate the remainder when 64 is divided by v.
20
Suppose -5*c + 19 = -16. Let h(u) = -4*u - 3*u**2 - 4*u**2 - 7 - 1 - 4*u**3 + 3*u**3. Calculate the remainder when h(-7) is divided by c.
6
Let x = 2 - 0. Calculate the remainder when (-13)/(-2) - 3/6 is divided by x.
0
Suppose 209 = 4*k - 75. Calculate the remainder when k is divided by 18.
17
Let b be 10 - 1 - (-24)/6. Let j = -9 + b. What is the remainder when 9 is divided by j?
1
Let p = -38 - -92. Calculate the remainder when p is divided by 11.
10
Let q(h) = h**2 - 4*h + 5. Let y be 2 - (-3 + (3 - 1)). Suppose 0 = -0*r + y*r - 12. What is the remainder when 14 is divided by q(r)?
4
Let a = -17 + 22. What is the remainder when 18 is divided by a?
3
Suppose 0 = -3*s - 2*o - 25, 2*s = 5*s - 4*o + 31. Calculate the remainder when 46 is divided by 4*s/(-30)*20.
22
Suppose v - 74 = -5*i + 557, i = -5*v + 107. Calculate the remainder when i is divided by 32.
31
Suppose 4*l - 230 = 6. Let f be (180/(-25))/(2/(-20)). Suppose -4*b + 3*o = -11 - f, 0 = -3*b - 5*o + 55. Calculate the remainder when l is divided by b.
19
Let w = 30 + -5. Let f be (1 - (-20)/2) + -1. Suppose 0 = 5*n - f, 3*u + 3*n + 30 = 7*u. What is the remainder when w is divided by u?
7
Calculate the remainder when (-69*5/(-60))/(1/4) is divided by 12.
11
Let q = 9 + 6. Calculate the remainder when 149 is divided by q.
14
Let y = 180 - 252. Let x = y - -330. Calculate the remainder when x/9 - 2/(-6) is divided by 10.
9
Let r(v) = -v**2 - 31*v - 21. Let c(a) = a**2 + 8*a. Let z be c(-6). Let o = z - -28. What is the remainder when o is divided by r(-30)?
7
Let y(r) = -2*r + 2. Calculate the remainder when y(-6) is divided by 4.
2
Let b(f) = 7*f**2. Let p(l) = l + 8. Let t = 0 - 9. Let m be p(t). Calculate the remainder when 19 is divided by b(m).
5
Suppose 2*m + 65 = 7*m. What is the remainder when 24 is divided by m?
11
Let s(z) = -19*z**3 + z**2 - z - 1. Let o(n) = 14*n + 41*n - 16*n. Calculate the remainder when o(1) is divided by s(-1).
19
Let z = -26 + 35. Calculate the remainder when z is divided by (2/(-1))/((-4)/10).
4
Suppose -2*s - 2*s - 3 = -5*x, -x - 5*s + 18 = 0. What is the remainder when 14 is divided by x?
2
Suppose 3*q - 4*s - 22 = 2*q, -5*s - 55 = -4*q. What is the remainder when 36 is divided by q?
6
Suppose j = 80 + 29. What is the remainder when j is divided by 28?
25
Suppose -11*u + 8*u = -27. Calculate the remainder when u is divided by 2.
1
Suppose -5*h - 5*x + 11 = -2*x, 8 = -2*h + 5*x. What is the remainder when ((-39)/(-2))/(h/2) is divided by 20?
19
Suppose -4 = 4*a - 16. Suppose -188 = -h - a*h. Calculate the remainder when h is divided by 16.
15
Suppose -5*i = 68 + 247. Let d = 10 - i. Suppose -5*q + 47 = -d. What is the remainder when q is divided by 13?
11
Suppose -3*s + 0 - 3 = 0. Let a(k) = -15*k**3 + k**2 - 1. Calculate the remainder when 58 is divided by a(s).
13
Let u(d) = -7*d + 2. What is the remainder when u(-5) is divided by 10?
7
Suppose z - 28 = -3*z. What is the remainder when ((-1)/(-4))/(z/2492) is divided by 23?
20
Let c be 0/(-1)*(1 + 0). Let f(t) be the first derivative of t**2/2 + 14*t + 1. Calculate the remainder when 26 is divided by f(c).
12
Let g(i) = 4*i - 8. Calculate the remainder when g(10) is divided by 17.
15
What is the remainder when 94/(0 + 0 + 0 + 2) is divided by 8?
7
What is the remainder when (0 - (-243)/6) + 3/6 is divided by 22?
19
Let m(d) = -2*d - 3. Let u be 3/2*(-16)/6. Let o(f) = 2*f. Calculate the remainder when o(7) is divided by m(u).
4
Let a be (-28)/2*(-2)/4. Suppose 8 = 4*o + c - 40, a = o - c. Let q = 2 - -18. What is the remainder when q is divided by o?
9
Let z(h) be the third derivative of h**5/30 + 5*h**4/12 + h**3/3 + 2*h**2. Calculate the remainder when z(-8) is divided by 17.
16
Let o = -8 + 8. Suppose -4*b - q + 25 = 0, o*b = b - q. Suppose -b*y - 26 = -6*y. Calculate the remainder when y is divided by 7.
5
Let z be -3 + (2 - (2 + 2)). Calculate the remainder when 35 is divided by 4/z*135/(-6).
17
Let z(b) = -b**3 - 6*b**2 + 26*b + 14. What is the remainder when z(-10) is divided by 31?
30
Let n = 25 - 17. Let g = -4 - -6. Suppose 4*j = -2*o + 20, 4*o + 2*j = -g*j + 48. Calculate the remainder when o is divided by n.
6
Suppose -3*p = -24*p + 546. Calculate the remainder when p is divided by 8.
2
Suppose 4*l + 4*k = 24, k + 0*k - 2 = l. Let n be (0 - -2)*13/l. Suppose -3*r + n = -8. What is the remainder when 20 is divided by r?
6
Suppose -4*g + 0*g = -3*h + 87, -5*h = 5*g - 110. What is the remainder when h is divided by 9?
7
Suppose -4*f + 13 = -3*f. What is the remainder when 24 is divided by f?
11
Calculate the remainder when 7 is divided by (-7)/(-2) + 13/26.
3
Suppose 2*k + t = 7, -3*t + 8 = 5*k - 10. Suppose 0 = 4*i - 3*a - 43 - 12, -5*i - k*a + 35 = 0. Calculate the remainder when 28 is divided by i.
8
Let c = 41 - 21. Suppose 0 = -39*y + 44*y - 55. Calculate the remainder when c is divided by y.
9
Let y = -10 + 34. What is the remainder when y is divided by 9?
6
Suppose -10 = -3*v + 14. Calculate the remainder when v is divided by 3.
2
Suppose 4*i - 52 = -4*m, 5*i - 23 = -m + 10. Let v(s) = s - 2. Let b be v(m). What is the remainder when 5 is divided by (-22)/(-10) + b/(-30)?
1
Let x(g) = -g + 10. Let o be x(8). Suppose -o*r + 7*r = 60. What is the remainder when 85/4 + (-1)/4 is divided by r?
9
Suppose 0 = -5*c + 4*c - 4*p - 40, -3*c - 75 = 3*p. Let v = -6 - c. Let b = v - -2. Calculate the remainder when 30 is divided by b.
14
Let g(d) = -46*d + 26. Let c(u) = 9*u - 5. Let j(n) = -11*c(n) - 2*g(n). Let m be j(4). Calculate the remainder when (-280)/m - (-2)/(-10) is divided by 6.
5
Let f(y) = -8*y**2 + 24*y + 3. What is the remainder when (-3)/(-1*(-1)/(-3)) is divided by f(3)?
0
Let x = -3 + 6. Suppose -c + x*k =